 the remainder when 71364 is divided by 17805?
144
What is the remainder when 6565551 is divided by 217?
216
What is the remainder when 14623 is divided by 7260?
103
What is the remainder when 9505 is divided by 452?
13
Calculate the remainder when 228110 is divided by 114.
110
Calculate the remainder when 2636 is divided by 7.
4
Calculate the remainder when 3266 is divided by 144.
98
Calculate the remainder when 70440 is divided by 118.
112
Calculate the remainder when 35970 is divided by 3377.
2200
Calculate the remainder when 19375 is divided by 9638.
99
What is the remainder when 17388 is divided by 2031?
1140
Calculate the remainder when 631142 is divided by 315567.
8
What is the remainder when 2998 is divided by 368?
54
Calculate the remainder when 2807 is divided by 114.
71
What is the remainder when 4341 is divided by 411?
231
What is the remainder when 159215 is divided by 22?
1
What is the remainder when 30712 is divided by 17?
10
Calculate the remainder when 6278 is divided by 453.
389
Calculate the remainder when 18086 is divided by 9018.
50
Calculate the remainder when 17156 is divided by 1224.
20
Calculate the remainder when 884628 is divided by 8.
4
What is the remainder when 27970 is divided by 104?
98
Calculate the remainder when 18659 is divided by 15.
14
Calculate the remainder when 778 is divided by 122.
46
What is the remainder when 118550 is divided by 23710?
0
Calculate the remainder when 236797 is divided by 74.
71
Calculate the remainder when 2520 is divided by 722.
354
What is the remainder when 7433 is divided by 201?
197
What is the remainder when 753924 is divided by 157?
10
What is the remainder when 7910 is divided by 983?
46
What is the remainder when 1404 is divided by 316?
140
Calculate the remainder when 534 is divided by 116.
70
What is the remainder when 20736 is divided by 329?
9
Calculate the remainder when 3891 is divided by 648.
3
Calculate the remainder when 16940 is divided by 13.
1
What is the remainder when 693 is divided by 393?
300
Calculate the remainder when 2773 is divided by 405.
343
Calculate the remainder when 2454 is divided by 274.
262
What is the remainder when 33779 is divided by 15?
14
What is the remainder when 9770 is divided by 2424?
74
Calculate the remainder when 51097 is divided by 20.
17
What is the remainder when 8818 is divided by 126?
124
Calculate the remainder when 16034 is divided by 446.
424
Calculate the remainder when 6281 is divided by 2068.
77
What is the remainder when 124120 is divided by 17727?
31
What is the remainder when 508386 is divided by 1890?
1866
What is the remainder when 4899 is divided by 213?
0
What is the remainder when 17464 is divided by 4363?
12
Calculate the remainder when 81059 is divided by 541.
450
Calculate the remainder when 187908 is divided by 43.
41
Calculate the remainder when 15318 is divided by 764.
38
Calculate the remainder when 416189 is divided by 69364.
5
Calculate the remainder when 24511 is divided by 589.
362
What is the remainder when 77177 is divided by 34?
31
What is the remainder when 167519 is divided by 83724?
71
What is the remainder when 116541 is divided by 525?
516
Calculate the remainder when 19492 is divided by 235.
222
Calculate the remainder when 15328 is divided by 1521.
118
Calculate the remainder when 345370 is divided by 164.
150
Calculate the remainder when 7497 is divided by 146.
51
What is the remainder when 5681 is divided by 1601?
878
What is the remainder when 4764 is divided by 4760?
4
Calculate the remainder when 163614 is divided by 54536.
6
What is the remainder when 26345 is divided by 5267?
10
What is the remainder when 22923 is divided by 29?
13
What is the remainder when 15201 is divided by 1753?
1177
What is the remainder when 1313249 is divided by 119385?
14
What is the remainder when 6446 is divided by 6155?
291
Calculate the remainder when 27383 is divided by 56.
55
What is the remainder when 12354 is divided by 22?
12
Calculate the remainder when 1483 is divided by 46.
11
Calculate the remainder when 35178 is divided by 35163.
15
Calculate the remainder when 6000 is divided by 81.
6
What is the remainder when 190752 is divided by 405?
402
What is the remainder when 2507 is divided by 16?
11
What is the remainder when 2639 is divided by 2553?
86
Calculate the remainder when 1240 is divided by 409.
13
What is the remainder when 39121 is divided by 161?
159
What is the remainder when 1769 is divided by 2?
1
What is the remainder when 41987 is divided by 88?
11
Calculate the remainder when 652 is divided by 422.
230
Calculate the remainder when 13613 is divided by 6804.
5
Calculate the remainder when 35640 is divided by 34.
8
Calculate the remainder when 23500 is divided by 73.
67
Calculate the remainder when 11504 is divided by 1915.
14
Calculate the remainder when 838 is divided by 532.
306
Calculate the remainder when 121686 is divided by 5531.
4
What is the remainder when 11789 is divided by 211?
184
What is the remainder when 46932 is divided by 3351?
18
What is the remainder when 64976 is divided by 144?
32
Calculate the remainder when 13727 is divided by 1371.
17
What is the remainder when 9703 is divided by 652?
575
Calculate the remainder when 3629 is divided by 458.
423
What is the remainder when 3347 is divided by 50?
47
What is the remainder when 3005 is divided by 59?
55
What is the remainder when 561 is divided by 358?
203
What is the remainder when 5228 is divided by 2365?
498
What is the remainder when 105857 is divided by 132?
125
What is the remainder when 984116 is divided by 118?
114
What is the remainder when 30291 is divided by 1442?
9
Calculate the remainder when 85032 is divided by 822.
366
What is the remainder when 1176 is divided by 39?
6
Calculate the remainder when 84665 is divided by 2419.
0
Calculate the remainder when 140244 is divided by 189.
6
Calculate the remainder when 744770 is divided by 37.
34
What is the remainder when 3785 is divided by 1351?
1083
What is the remainder when 8414 is divided by 295?
154
What is the remainder when 51765 is divided by 20?
5
What is the remainder when 107296 is divided by 21426?
166
What is the remainder when 9723 is divided by 91?
77
What is the remainder when 5527795 is divided by 900?
895
Calculate the remainder when 203681 is divided by 83.
82
Calculate the remainder when 13703 is divided by 313.
244
What is the remainder when 2820 is divided by 1530?
1290
What is the remainder when 2038 is divided by 996?
46
What is the remainder when 6529 is divided by 2024?
457
Calculate the remainder when 7960 is divided by 234.
4
Calculate the remainder when 776 is divided by 205.
161
What is the remainder when 31816 is divided by 203?
148
What is the remainder when 7819 is divided by 7804?
15
What is the remainder when 1876 is divided by 572?
160
What is the remainder when 4296 is divided by 1813?
670
Calculate the remainder when 5516 is divided by 2699.
118
Calculate the remainder when 149267 is divided by 55.
52
What is the remainder when 18147 is divided by 48?
3
Calculate the remainder when 36033 is divided by 6004.
9
Calculate the remainder when 26934 is divided by 6728.
22
What is the remainder when 19888 is divided by 613?
272
Calculate the remainder when 948 is divided by 432.
84
What is the remainder when 653558 is divided by 702?
698
Calculate the remainder when 90421 is divided by 75.
46
What is the remainder when 10825 is divided by 602?
591
What is the remainder when 35343 is divided by 1942?
387
What is the remainder when 4828 is divided by 43?
12
What is the remainder when 267597 is divided by 26?
5
Calculate the remainder when 18518 is divided by 18507.
11
Calculate the remainder when 19881 is divided by 2833.
50
What is the remainder when 3097911 is divided by 59?
57
What is the remainder when 39292 is divided by 13094?
10
What is the remainder when 138541 is divided by 44?
29
Calculate the remainder when 54539 is divided by 3399.
155
What is the remainder when 3531 is divided by 2578?
953
Calculate the remainder when 1175398 is divided by 120.
118
What is the remainder when 20253 is divided by 32?
29
What is the remainder when 697254 is divided by 28?
26
What is the remainder when 11679 is divided by 154?
129
Ca